, what is 4 + -6a?
-66
In base 3, what is -102 - 1?
-110
In base 7, what is -155 - 6?
-164
In base 9, what is 10 + 41?
51
In base 11, what is a + -11?
-2
In base 5, what is -40 + -331?
-421
In base 16, what is 2 - -12?
14
In base 3, what is -2 - -12001?
11222
In base 10, what is 50 + -54?
-4
In base 8, what is 11 + 3?
14
In base 11, what is 212 - 6?
207
In base 10, what is 774 - -2?
776
In base 9, what is -5680 - -4?
-5675
In base 16, what is -1 - -16?
15
In base 11, what is 86 - -5?
90
In base 13, what is -4 + -50?
-54
In base 7, what is 466 + -5?
461
In base 4, what is 3 + -1130?
-1121
In base 3, what is -12 + 122111?
122022
In base 4, what is -2 - 2223?
-2231
In base 8, what is -5 - -2052?
2045
In base 5, what is -1 - -11130?
11124
In base 12, what is -3 - 28?
-2b
In base 12, what is -8b + -3?
-92
In base 10, what is 1 - -3540?
3541
In base 11, what is -4 + 146?
142
In base 9, what is 1 + -105?
-104
In base 3, what is -2 - 20121?
-20200
In base 11, what is -348 - 3?
-350
In base 11, what is 0 - 766?
-766
In base 10, what is 2140 + 3?
2143
In base 8, what is 6 + 3?
11
In base 13, what is 23b - 0?
23b
In base 16, what is 86 - -1?
87
In base 2, what is -1100011000000 + -101?
-1100011000101
In base 4, what is -21013 - -10?
-21003
In base 13, what is 22 - 0?
22
In base 8, what is -3 - -21?
16
In base 14, what is 5 + 23?
28
In base 5, what is 111 - 103?
3
In base 16, what is -4 + 89?
85
In base 15, what is 16a - -1?
16b
In base 12, what is -13a + 3?
-137
In base 16, what is -7 + 155?
14e
In base 4, what is -1 - 1110?
-1111
In base 10, what is -1 + 62?
61
In base 9, what is -408 - 3?
-412
In base 6, what is -230 - -100?
-130
In base 15, what is 5 + -26?
-21
In base 10, what is -18 + -1?
-19
In base 6, what is -15 - 102?
-121
In base 5, what is 0 + -30231?
-30231
In base 14, what is 2 - 27a?
-278
In base 8, what is 154 - -77?
253
In base 3, what is 211020 + -12?
211001
In base 5, what is -42 + -222?
-314
In base 9, what is 362 - 2?
360
In base 15, what is 57 - -6?
5d
In base 14, what is -42 - -5?
-3b
In base 9, what is -1 - -41?
40
In base 9, what is -46 - -10?
-36
In base 4, what is 2 - 120?
-112
In base 13, what is 2 + -373?
-371
In base 4, what is -202 - 233?
-1101
In base 15, what is 8a + -4?
86
In base 7, what is -22102 + -1?
-22103
In base 5, what is 2 + -104?
-102
In base 7, what is 252 + -5?
244
In base 11, what is 1 + 63?
64
In base 9, what is 4 - -8?
13
In base 5, what is -224 + 10?
-214
In base 6, what is 24455 + 0?
24455
In base 8, what is -5642 + -1?
-5643
In base 14, what is 4c5 - -11?
4d6
In base 2, what is -11 + 10101?
10010
In base 10, what is -30 - 0?
-30
In base 8, what is -40 - -3?
-35
In base 8, what is -47723 + -5?
-47730
In base 10, what is -94 + 13?
-81
In base 9, what is -448 - 2?
-451
In base 8, what is 4 + -201?
-175
In base 12, what is 4 + -950?
-948
In base 13, what is 5 + 9?
11
In base 13, what is 1 - -75?
76
In base 8, what is 2 - -153?
155
In base 16, what is -4 - a21?
-a25
In base 3, what is -10 - 20011?
-20021
In base 4, what is -30 + -3031?
-3121
In base 5, what is 10 - -201?
211
In base 10, what is 4170 + 5?
4175
In base 16, what is -4292 + 2?
-4290
In base 16, what is af - -5?
b4
In base 15, what is -21 - -8?
-18
In base 7, what is 5 - 163?
-155
In base 7, what is -444 + -16?
-463
In base 13, what is -10bc + 1?
-10bb
In base 3, what is -12212 + -10?
-12222
In base 10, what is -11 - 15?
-26
In base 10, what is -34 - 6?
-40
In base 15, what is -360 + a?
-355
In base 5, what is 102 + -1233?
-1131
In base 14, what is -34 - 0?
-34
In base 3, what is -2202 + 12?
-2120
In base 11, what is -2 + -94?
-96
In base 16, what is 10 - -1?
11
In base 2, what is 110100 + -1101?
100111
In base 8, what is -6461 + 1?
-6460
In base 10, what is 15 + 1?
16
In base 5, what is -404002 + -1?
-404003
In base 10, what is -445 - 1?
-446
In base 8, what is 4 + 3466?
3472
In base 15, what is b - -21?
2c
In base 4, what is -1201 + 121?
-1020
In base 4, what is 112002 + 3?
112011
In base 13, what is 4 + -664?
-660
In base 2, what is -1 + 101010100?
101010011
In base 4, what is -11 + -13032?
-13103
In base 3, what is 10 - 100101?
-100021
In base 8, what is 616 - 1?
615
In base 9, what is -2 + -16?
-18
In base 4, what is -13 + 3300?
3221
In base 9, what is -2 - -685?
683
In base 15, what is -3 + 59?
56
In base 4, what is 0 - 10?
-10
In base 4, what is -11 - 300?
-311
In base 2, what is -10100011 - 10?
-10100101
In base 8, what is 563 - 34?
527
In base 6, what is 530 + -5?
521
In base 6, what is 5 - -1045?
1054
In base 2, what is 0 - 11?
-11
In base 6, what is -301 + 21?
-240
In base 7, what is -12240 - 3?
-12243
In base 16, what is 5f - -4?
63
In base 8, what is -357 + -20?
-377
In base 8, what is 43 + -5?
36
In base 11, what is -6 - -a9?
a3
In base 12, what is -4 + 0?
-4
In base 6, what is -121 + 5?
-112
In base 5, what is 11 - -2302?
2313
In base 13, what is -8 + -12?
-1a
In base 11, what is -168 + 0?
-168
In base 11, what is 1 - 1a?
-19
In base 9, what is 516 + -62?
444
In base 6, what is 0 - 1303?
-1303
In base 9, what is 124 - 0?
124
In base 15, what is -c - a?
-17
In base 4, what is 3 + -221?
-212
In base 16, what is 6e37 - -5?
6e3c
In base 15, what is a + -e?
-4
In base 12, what is -8 - -38?
30
In base 13, what is 63 + 4?
67
In base 5, what is 23 - -1233?
1311
In base 8, what is -153 + 163?
10
In base 7, what is -433 + -2?
-435
In base 2, what is -1010 + -1000010111?
-1000100001
In base 14, what is 1 - -aa4?
aa5
In base 15, what is 30 - a?
25
In base 14, what is 7 - 3bb?
-3b4
In base 7, what is -3 + 5124?
5121
In base 10, what is 2 + 430?
432
In base 13, what is 4 + 748?
74c
In base 15, what is 3 + 29?
2c
In base 15, what is 1a - -27?
42
In base 12, what is -a5 + -56?
-13b
In base 14, what is -2 + 13b?
139
In base 15, what is -63 - -5?
-5d
In base 2, what is 11000110 - -100?
11001010
In base 13, what is -7 - 3?
-a
In base 15, what is a5 + 0?
a5
In base 2, what is 1001 + -10000100?
-1111011
In base 2, what is 101 - 10001101100?
-10001100111
In base 6, what is 113 - 3?
110
In base 7, what is -4 + -3452?
-3456
In base 11, what is -255 + -1?
-256
In base 13, what is -23 + 1c?
-4
In base 5, what is 10 + -212004?
-211444
In base 2, what is -10101 - 101?
-11010
In base 14, what is -250 + -7?
-257
In base 13, what is 1979 - -3?
197c
In base 4, what is -13 - -23?
10
In base 14, what is -335 + -23?
-358
In base 7, what is 0 + 444?
444
In base 13, what is -a4b - 1?
-a4c
In base 8, what is -4 - -11?
5
In base 4, what is -11 + -13310?
-13321
In base 2, what is 111111 + 0?
111111
In base 11, what is 20a + -5?
205
In base 7, what is 1 + -101?
-100
In base 9, what is 22 - -1?
23
In base 11, what is 22 + -125?
-103
In base 6, what is 42 - -55?
141
In base 9, what is -3 - -2768?
2765
In base 15, what is bc + 4?
c1
In base 7, what is -5 + -5443?
-5451
In base 14, what is -7 - -d68?
d61
In base 9, what is -3 - -523?
520
In base 15, what is b + -12?
-6
In base 7, what is -4 + -156?
-163
In base 16, what is 124 + 2?
126
In base 12, what is -30 + 15?
-17
In base 6, what is 24 - -14?
42
In base 13, what is -32 - 30?
-62
In base 8, what is -116 + 306?
170
In base 7, what is -1 - -4?
3
In base 3, what is 2020 - 110?
1210
In base 5, what is 10 - -2404?
2414
In base 12, what is 2 + -19?
-17
In base 8, what is 4 - -672?
676
In base 14, what is 5 - -113?
118
In base 11, what is -a + -3?
-12
In base 10, what is -2282 - -3?
-2279
In base 10, what is -1 + -32?
-33
In base 15, what is -2 + 472?
470
In base 8, what is 20 - 233?
-213
In base 9, what is -622 + -5?
-627
In base 12, what is -873 + -2?
-875
In base 13, what is 3 - 85?
-82
In base 4, what is 102 + -2220?
-2112
In base 15, what is -13 + a?
-8
In base 16, what is -2 - -765?
763
In base 5, what is 4 + -342?
-333
In base 4, what is -21012 - -1?
-21011
In base 9, what is 2 + -2285?
-2283
In base 8, what is 445 - 17?
426
In base 9, what is 0 + 54?
54
In base 3, what is -10010 - -2221?
-12
In base 12, what is -10 - -509?
4b9
In base 3, what is 100 - -1000100?
1000200
In base 13, what is bc2 - -7?
bc9
In base 3, what is -10110 - 102020?
-112200
In base 10, what is -192 - 0?
-192
In base 13, what is -5 + -1b?
-23
In base 3, what is 10 - 222212?
-222202
In base 14, what is -18 + a?
-c
In base 7, what is -2160 - 5?
-21